 -4. Let r = -8 - l. Suppose y + 17 = 5*a, 3*y - 2*a - r*a = -7. What is the highest common factor of 9 and y?
3
Suppose 4 = p + 3. Let t be 201 + 1 - 4/p. What is the greatest common divisor of t and 22?
22
Let t = -108 + 122. Let j(a) = 3*a - 7. Let w be j(7). Calculate the greatest common factor of w and t.
14
Suppose -4 = -a, 3*a = -2*n + 2*a + 64. What is the greatest common factor of n and 270?
30
Suppose -7*z + 5*z + 18 = 0. What is the highest common factor of 81 and z?
9
Let t(w) = -w**2 - 5*w + 7. Let r be t(-5). What is the highest common divisor of 7 and r?
7
Suppose 0 = 5*a - 4*b - 31, -27 = -4*a + 2*b - 7. Let n be (12/16)/(a/36). What is the greatest common factor of n and 9?
9
Suppose 863 = -d + 6*d + l, 2*l = 2*d - 338. Suppose r - 3*r + 136 = -2*v, 0 = -3*r - 5*v + d. Calculate the highest common factor of 8 and r.
8
Let k(v) = 12*v - 112. Let x be k(10). Suppose 21 + 52 = 4*w - 5*t, w = 5*t + 37. What is the greatest common factor of w and x?
4
Let u(c) = 3*c - 3. Let x(g) = -g + 14. Let b be x(6). Let d be u(b). Calculate the highest common divisor of 63 and d.
21
Let o(v) = 4*v - 3. Let a be o(2). Let r be (1 - -2) + 4 + 0 + 33. Calculate the highest common factor of r and a.
5
Let g = 85 - 124. Let u be (g/9)/((-1)/(-3)). Let y be (-1)/4 + u/(-4). Calculate the greatest common factor of 33 and y.
3
Let z be (-10 - 100)*(-2 + 0). Calculate the greatest common divisor of 44 and z.
44
Let p be 16/9 + (-4)/(-18). Suppose -5*q + p = -4*q. Suppose q*g - 365 = -79. What is the highest common divisor of 13 and g?
13
Let k = -52 + 66. Let a = 57 + -1. Calculate the highest common factor of k and a.
14
Suppose 0 = -4*p + 23 + 21. What is the highest common divisor of p and 1?
1
Suppose -12 = -12*n + 10*n. What is the greatest common factor of 2 and n?
2
Suppose -5*j - 2*y = 4, 5*y - 1 = -2*j - 11. Suppose w + 110 = 2*o - 2*w, 4*w = j. Calculate the greatest common factor of 11 and o.
11
Let g = 63 - 53. Suppose 3*f + 0*f - 4*y + 14 = 0, 6 = -2*f + 2*y. What is the greatest common factor of f and g?
2
Let d be 7/2 - 8/(-16). Suppose -d*z - 4 = -40. What is the greatest common divisor of z and 1?
1
Suppose -2*l - 3*y + 13 = 0, 0 = -4*l - 3*y - 2*y + 27. What is the greatest common factor of l and 16?
8
Suppose 2*f - 87 = -3*v - 18, -3*f + v + 87 = 0. What is the highest common divisor of f and 6?
6
Let c = -5 + 13. Let u(x) = 22*x. Let j be u(4). Calculate the highest common divisor of j and c.
8
Let q be 0 - 7/(3*(-2)/18). Calculate the highest common factor of q and 84.
21
Suppose -10*p + 11*p - 72 = 0. Suppose -5*q = -q - p. What is the greatest common factor of 45 and q?
9
Suppose 0 = b - 5*j - 35, 2*b + j - 4*j = 35. Let o be (4/(-3))/((-6)/18). Calculate the greatest common divisor of b and o.
2
Suppose 4*f = 8*f + 20, t - 13 = -f. Suppose 4*c - 34 = t. Calculate the highest common factor of c and 143.
13
Let i be 1/2*(129 - -1). What is the greatest common factor of 13 and i?
13
Suppose 3*m = -5 + 122. Let g(n) = -n**2 - 8*n + 6. Let o be g(-7). Calculate the highest common factor of m and o.
13
Let p = 17 + 28. Let k be (-2*1)/((-2)/9). Let b = k - 4. Calculate the greatest common divisor of b and p.
5
Let j be -1 + (-21)/(-1) + 0. Let p(c) = -2*c - 8. Let t be p(-5). Suppose t = x - 8. Calculate the greatest common divisor of x and j.
10
Let q be 772/5 + 10/(-25). Suppose 31 = 2*l - 13. What is the greatest common factor of q and l?
22
Suppose 0 = -3*z + 9, 4*z = 2*h + 3*h - 418. Let g = h - 50. Suppose 5*j = 74 - 14. What is the highest common divisor of j and g?
12
Suppose -4*s + 58 - 3 = b, 4*s + 2*b = 54. Let n(x) = 3*x - 4. Let l be n(6). Calculate the greatest common divisor of s and l.
14
Let j be (-1)/(-1)*(-20)/(-8)*24. What is the highest common divisor of 20 and j?
20
Suppose -10*k + 779 - 269 = 0. Calculate the highest common factor of 17 and k.
17
Let q(g) be the third derivative of -g**6/30 - g**5/20 + g**4/24 + g**3/3 - 3*g**2. Let d be q(-2). What is the greatest common divisor of d and 100?
20
Let z(h) = 7*h. Let s be z(2). Calculate the highest common divisor of s and 56.
14
Let s be 87/18 + -3 - (-2)/12. Suppose 3*v - 4*u + 13 = 0, -3*v + 7 = 4*u - 3*u. Let g be ((-50)/(-15))/(v/3). Calculate the greatest common divisor of g and s.
2
Let u = -12 + 16. Let v be u/(-16) + (-34)/(-8). Calculate the greatest common factor of v and 12.
4
Suppose 60 = 110*n - 107*n. Calculate the highest common factor of n and 8.
4
Let u = 181 + -69. Suppose -63 = -5*a + 17. What is the highest common factor of u and a?
16
Let r(h) = -h**3 - 7*h**2 + 8*h + 10. Let s be r(-8). What is the highest common divisor of s and 90?
10
Let n(p) = -11*p**2 - p - 1. Let i be n(-1). Let d = 15 + i. Let q = -9 + 41. Calculate the highest common divisor of d and q.
4
Let k(w) be the third derivative of -w**5/60 + 3*w**4/8 + w**3/2 + 4*w**2. Let x be k(9). Calculate the highest common divisor of 21 and x.
3
Let k be -2 - (-2 + (-3 - 125)). Let h be 2 + -2 + 0 + 16. Calculate the greatest common factor of k and h.
16
Suppose -121 = -5*u + 5*r + 119, 5*u = 2*r + 231. What is the highest common factor of u and 18?
9
Let i(q) be the third derivative of q**6/120 - 3*q**5/20 + q**4/24 - 2*q**3/3 - 5*q**2. Let j be i(9). Calculate the greatest common factor of j and 55.
5
Let t(m) be the third derivative of -1/24*m**4 + 1/3*m**3 + m**2 + 0 + 0*m. Let x be t(0). Calculate the highest common factor of x and 18.
2
Suppose -4*x - 25 = -2*k - 3*x, 2*k - 4*x - 28 = 0. Let s(h) = h**3 + 9*h**2 - 39*h + 12. Let w be s(-12). What is the greatest common factor of k and w?
12
Suppose 3*y + 2*y + 2*m - 42 = 0, 0 = -2*y - 5*m. Suppose -2*w - 3*t = -33, -w = -5*w + 3*t + 57. Calculate the greatest common divisor of y and w.
5
Let m(b) = 9*b**2 - 4*b + 3. Let f be m(3). What is the greatest common factor of 9 and f?
9
Suppose 0 = 2*i - f - 12, 6*i = i + 4*f + 33. What is the greatest common divisor of 5 and i?
5
Suppose 0 = -5*a - 5*j + 72 - 17, -4*a - 2*j = -38. Let d = a + -6. What is the highest common divisor of d and 20?
2
Let f(u) = 7*u - 2. Let q be f(6). Suppose 3*y - q = -5*v, -8 = y - 2*y + v. Suppose -z + 1 = -1. What is the greatest common divisor of y and z?
2
Let a be 860/35 + 4/(-7). What is the highest common factor of 6 and a?
6
Let f be -2 + 182 - (-4)/(-2). Let w = f + -57. Let n be (-4)/2*11/(-2). Calculate the greatest common factor of n and w.
11
Let r(u) = -15*u - 3. Let y be r(-2). Suppose 5*b - 19 = 21. Let x = 11 - b. Calculate the highest common divisor of y and x.
3
Let g(h) = -h + 1. Let x be g(-1). Let a(z) = 0*z + 2 - 11*z - x*z - 38*z. Let m be a(-2). What is the highest common divisor of 13 and m?
13
Let d = 40 - 24. Calculate the highest common factor of 32 and d.
16
Let y = -1 - -3. Let g be y/8 - 46/(-8). What is the highest common divisor of g and 24?
6
Let j = -40 + 73. Calculate the highest common factor of 264 and j.
33
Suppose 0 = -4*r + 3*b + 2831, -4*r + b = -b - 2826. Suppose -v + r = 3*v. Let y(t) = 2*t + 2. Let l be y(7). Calculate the greatest common divisor of v and l.
16
Let p = -56 + 106. Calculate the greatest common divisor of p and 30.
10
Suppose 4*x - 17 = -5. Calculate the highest common factor of 15 and x.
3
Let w be 25 - (3 + -2)*-1*-3. What is the greatest common divisor of 22 and w?
22
Let k(v) = 2. Let a(g) = -2*g - 18. Let o(j) = 2*a(j) + 20*k(j). Suppose -4*m - 11 = 5. Let t be o(m). Calculate the highest common factor of t and 50.
10
Suppose -4*b + 5 = -g, 3*g + 5*b + 0*b = 53. Suppose 6*i - 5*i = g. Calculate the greatest common divisor of 121 and i.
11
Let p be (-218)/(-4) - (-2)/4. Suppose y + 0*y + 4*c = 31, 3*y - 3*c - 18 = 0. What is the highest common divisor of y and p?
11
Suppose 468 = -16*r + 25*r. What is the greatest common factor of 13 and r?
13
Let j = 42 - 21. Calculate the highest common factor of 189 and j.
21
Suppose 42 = 5*m + 2*m. Let l be ((-133)/38)/((-1)/m). Let b(s) = 230*s**3 + 1. Let r be b(1). Calculate the highest common divisor of r and l.
21
Let o be 17/5 - (-2)/(-5). Let t = o + 0. Suppose -2*u = -2 - 4. What is the highest common factor of u and t?
3
Suppose 0 = -3*n - 16 + 91. What is the highest common factor of 5 and n?
5
Let s be (132/(-5))/(1/(120/(-18))). Calcul